{"id":250,"date":"2020-07-25T00:01:25","date_gmt":"2020-07-25T00:01:25","guid":{"rendered":"https:\/\/www.pacolara.net\/?page_id=250"},"modified":"2025-05-14T15:31:50","modified_gmt":"2025-05-14T14:31:50","slug":"emma-y-la-gallina-catalina","status":"publish","type":"page","link":"https:\/\/www.pacolara.net\/index.php\/hoy\/emma-y-la-gallina-catalina\/","title":{"rendered":"Emma y la gallina Catalina"},"content":{"rendered":"\n<figure class=\"wp-block-image size-large\"><img loading=\"lazy\" decoding=\"async\" width=\"661\" height=\"1024\" src=\"https:\/\/www.pacolara.net\/wp-content\/uploads\/2020\/12\/Portada-2048-Emma-y-la-gallina-Catalina--661x1024.jpg\" alt=\"\" class=\"wp-image-410\" srcset=\"https:\/\/www.pacolara.net\/wp-content\/uploads\/2020\/12\/Portada-2048-Emma-y-la-gallina-Catalina--661x1024.jpg 661w, https:\/\/www.pacolara.net\/wp-content\/uploads\/2020\/12\/Portada-2048-Emma-y-la-gallina-Catalina--194x300.jpg 194w, https:\/\/www.pacolara.net\/wp-content\/uploads\/2020\/12\/Portada-2048-Emma-y-la-gallina-Catalina--768x1190.jpg 768w, https:\/\/www.pacolara.net\/wp-content\/uploads\/2020\/12\/Portada-2048-Emma-y-la-gallina-Catalina--992x1536.jpg 992w, https:\/\/www.pacolara.net\/wp-content\/uploads\/2020\/12\/Portada-2048-Emma-y-la-gallina-Catalina--1200x1859.jpg 1200w, https:\/\/www.pacolara.net\/wp-content\/uploads\/2020\/12\/Portada-2048-Emma-y-la-gallina-Catalina-.jpg 1322w\" sizes=\"auto, (max-width: 661px) 85vw, 661px\" \/><figcaption class=\"wp-element-caption\"><em>Portada del libro Emma y la gallina Catalina<\/em><\/figcaption><\/figure>\n\n\n\n<p>Descarga el cuento gratuito\u00a0<a href=\"https:\/\/books.apple.com\/es\/book\/emma-y-la-gallina-catalina\/id1524992627\" target=\"_blank\" rel=\"noreferrer noopener\">aqu\u00ed<\/a>, para iPad, iPhone y Mac. Y esc\u00fachalo en el podcast Historias de Emma en <a href=\"https:\/\/podcasts.apple.com\/es\/podcast\/historias-de-emma\/id1532950699\" target=\"_blank\" rel=\"noreferrer noopener\">Apple Podcasts<\/a> o en <a href=\"https:\/\/open.spotify.com\/show\/1wjpB0HaNbaMZz4XpmLkxK\" target=\"_blank\" rel=\"noreferrer noopener\">Spotify<\/a>. Tambi\u00e9n puedes leer el cuento en <a href=\"https:\/\/books.google.es\/books?id=j5BcEQAAQBAJ&amp;newbks=0&amp;printsec=frontcover\" target=\"_blank\" rel=\"noreferrer noopener\">Google Libros<\/a> y descargarlo gratis en <a href=\"https:\/\/play.google.com\/store\/books\/details?id=j5BcEQAAQBAJ\" target=\"_blank\" rel=\"noreferrer noopener\">Google Play<\/a>.<\/p>\n\n\n\n<p>En el jard\u00edn de Emma hab\u00eda un gallinero. Con un techo rojo y una gran puerta por la que entraban y sal\u00edan corriendo los dos pollitos que viv\u00edan all\u00ed con su mam\u00e1, la gallina Catalina.<\/p>\n\n\n\n<p>Todas las ma\u00f1anas, mam\u00e1 gallina pon\u00eda un huevo y los pollitos Pepe y Pito lo sacaban a la puerta del gallinero haci\u00e9ndolo rodar, para que Emma lo viera cuando ven\u00eda a traerles la comida.&nbsp;<\/p>\n\n\n\n<p>Un d\u00eda, mientras jugaban, oyeron a mam\u00e1 Catalina cacareando muy enfadada. Los dos pollitos, asustados, regresaron corriendo al gallinero. Y al llegar, encontraron a mam\u00e1 gallina muy triste&#8230; \u00a1El huevo estaba roto!&#8230; \u00bfQui\u00e9n habr\u00eda sido?&nbsp;<\/p>\n\n\n\n<p>Y, el d\u00eda siguiente, volvi\u00f3 a suceder: \u00a1Alguien hab\u00eda roto el huevo. Y se lo hab\u00eda comido! Catalina y los pollitos, tristes, pidieron ayuda a su amiga Emma&#8230; \u00a1Y Emma tuvo una gran idea!<\/p>\n\n\n\n<h2 class=\"wp-block-heading\">INDICE<\/h2>\n\n\n\n<ol class=\"wp-block-list\">\n<li>En el jard\u00edn de Emma<\/li>\n\n\n\n<li>\u00a1Hala!\u2026\u00a1Otra vez!<\/li>\n\n\n\n<li>\u00bfQui\u00e9n ser\u00e1?<\/li>\n\n\n\n<li>Y se lo comi\u00f3\u2026<\/li>\n\n\n\n<li>Emma tuvo una gran idea<\/li>\n\n\n\n<li>\u00a1No lo har\u00e9 m\u00e1s!\u2026<\/li>\n<\/ol>\n\n\n\n<p>A continuaci\u00f3n est\u00e1n los dos primeros cap\u00edtulos de los seis del cuento.<\/p>\n\n\n\n<h2 class=\"wp-block-heading\">CAPITULO 1 \u2022 EN EL JARD\u00cdN DE EMMA<\/h2>\n\n\n\n<p>En un rinc\u00f3n del jard\u00edn de Emma hab\u00eda una casita peque\u00f1a. Era un gallinero. Con un techo rojo y una gran puerta por la que entraban y sal\u00edan corriendo los dos pollitos que viv\u00edan all\u00ed con su mam\u00e1, la gallina Catalina.<\/p>\n\n\n\n<p>Pepe era un pollito muy amarillo. Y su hermano Pito, el m\u00e1s travieso, ten\u00eda las plumas de color blanco.<\/p>\n\n\n\n<p>Todas las ma\u00f1anas, mam\u00e1 gallina pon\u00eda un huevo. Y Pepe y Pito lo sacaban a la puerta del gallinero, haci\u00e9ndolo rodar, para que Emma lo viera cuando ven\u00eda a traerles la cena, por la tarde. Luego, los dos pollitos se iban corriendo al otro lado del jard\u00edn, a jugar con su amiga Noli, la ardilla.<\/p>\n\n\n\n<p>Un d\u00eda, mientras jugaban al escondite con la ardilla, oyeron a mam\u00e1 Catalina cacareando muy enfadada:<\/p>\n\n\n\n<p>\u2014\u00a1Cooo, co, co\u2026 c\u00f3oo!\u2026 \u00a1Clooo, clo, clo\u2026 cl\u00f3oo!<\/p>\n\n\n\n<p>Los dos pollitos, asustados, volvieron corriendo al gallinero a ver qu\u00e9 pasaba.<\/p>\n\n\n\n<p>Al llegar, vieron a mam\u00e1 gallina mirando el huevo con cara muy triste\u2026 \u00a1El huevo estaba roto!<\/p>\n\n\n\n<p>\u2014\u00bfHab\u00e9is roto el huevo jugando? \u2014pregunt\u00f3 Catalina.<\/p>\n\n\n\n<p>\u2014\u00a1Nooo, mam\u00e1, no!\u2026 \u00a1Nosotros no lo hemos roto! \u2014respondieron Pepe y Pito.<\/p>\n\n\n\n<p>\u2014\u00bfQui\u00e9n ha sido, entonces? \u2014dijo Catalina.<\/p>\n\n\n\n<p>Y en ese momento lleg\u00f3 Emma que, como todos los d\u00edas, ven\u00eda a traerles un plato de trigo y ma\u00edz para cenar.<\/p>\n\n\n\n<p>\u2014\u00a1Vamos, vamos! \u00a1Es hora de cenar! \u2014dijo Emma, mirando a los tres con cari\u00f1o\u2014. \u00a1A comer! Que pronto ser\u00e1 de noche y hay que dormir.<\/p>\n\n\n\n<p>Y mientras los pollitos y su mam\u00e1 com\u00edan, Emma les di\u00f3 un beso de buenas noches y regres\u00f3 a casa.<\/p>\n\n\n\n<h2 class=\"wp-block-heading\">CAPITULO 2 \u2022 \u00a1HALA!\u2026\u00a1OTRA VEZ!<\/h2>\n\n\n\n<p>La ma\u00f1ana siguiente, la gallina Catalina puso otro huevo blanco. Y, como todos los d\u00edas, Pepe y Pito lo llevaron rodando fuera del gallinero, antes de ir a jugar con su amiga Noli.<\/p>\n\n\n\n<p>\u00a1Y ese d\u00eda volvi\u00f3 a pasar!\u2026 Mientras jugaban, oyeron a mam\u00e1 gallina gritar, cacareando muy enfadada:<\/p>\n\n\n\n<p>\u2014\u00a1El huevo est\u00e1 roto, igual que ayer!\u2026 \u00bfQui\u00e9n ha sido?<\/p>\n\n\n\n<p>Y Pepe y Pito corrieron otra vez de vuelta al gallinero.<\/p>\n\n\n\n<p>\u2014\u00a1No lo sabemos mam\u00e1! Nosotros est\u00e1bamos jugando con la ardilla\u2026 \u2014dijeron los pollitos.<\/p>\n\n\n\n<hr class=\"wp-block-separator has-css-opacity\"\/>\n","protected":false},"excerpt":{"rendered":"<p>Descarga el cuento gratuito\u00a0aqu\u00ed, para iPad, iPhone y Mac. Y esc\u00fachalo en el podcast Historias de Emma en Apple Podcasts o en Spotify. Tambi\u00e9n puedes leer el cuento en Google Libros y descargarlo gratis en Google Play. En el jard\u00edn de Emma hab\u00eda un gallinero. Con un techo rojo y una gran puerta por la &hellip; <a href=\"https:\/\/www.pacolara.net\/index.php\/hoy\/emma-y-la-gallina-catalina\/\" class=\"more-link\">Continuar leyendo<span class=\"screen-reader-text\"> \u00abEmma y la gallina Catalina\u00bb<\/span><\/a><\/p>\n","protected":false},"author":3,"featured_media":0,"parent":64,"menu_order":0,"comment_status":"closed","ping_status":"closed","template":"","meta":{"footnotes":""},"class_list":["post-250","page","type-page","status-publish","hentry"],"_links":{"self":[{"href":"https:\/\/www.pacolara.net\/index.php\/wp-json\/wp\/v2\/pages\/250","targetHints":{"allow":["GET"]}}],"collection":[{"href":"https:\/\/www.pacolara.net\/index.php\/wp-json\/wp\/v2\/pages"}],"about":[{"href":"https:\/\/www.pacolara.net\/index.php\/wp-json\/wp\/v2\/types\/page"}],"author":[{"embeddable":true,"href":"https:\/\/www.pacolara.net\/index.php\/wp-json\/wp\/v2\/users\/3"}],"replies":[{"embeddable":true,"href":"https:\/\/www.pacolara.net\/index.php\/wp-json\/wp\/v2\/comments?post=250"}],"version-history":[{"count":13,"href":"https:\/\/www.pacolara.net\/index.php\/wp-json\/wp\/v2\/pages\/250\/revisions"}],"predecessor-version":[{"id":1888,"href":"https:\/\/www.pacolara.net\/index.php\/wp-json\/wp\/v2\/pages\/250\/revisions\/1888"}],"up":[{"embeddable":true,"href":"https:\/\/www.pacolara.net\/index.php\/wp-json\/wp\/v2\/pages\/64"}],"wp:attachment":[{"href":"https:\/\/www.pacolara.net\/index.php\/wp-json\/wp\/v2\/media?parent=250"}],"curies":[{"name":"wp","href":"https:\/\/api.w.org\/{rel}","templated":true}]}}